34).
13
Calculate 0 + (3 - 2) + -68 - (-22 - (-8 + -3)).
-56
-1964 - -1927 - (-7 + 0 + -2 - -2)
-30
Evaluate -40 + (12 - (94 + -103 - (0 - (-3 - -12)))).
-28
What is -157 + (92 - 65) - -33?
-97
18 - -2 - (1035 - 1035)
20
What is -4 + -36 + (-398 - -439)?
1
-2 + 40 + -1071 + 1068
35
11 + (2 - 0 - (77 - 72)) + -19
-11
Evaluate 27 + (16 - 34 - -2) - 12.
-1
What is 81 - (100 - 8) - 11?
-22
Evaluate (-8 - (30 + -17)) + 56 - (-4 + -1 - -14).
26
-8 - (-27 - (-2 - -1 - -9) - (-1 + -1))
25
What is the value of (-18 - 46) + 31 - -21?
-12
Evaluate -11 + 50 + (-40 - 4) + (3 + -1 - -13).
10
Calculate -32 + 2 + 0 - (2062 + -2039).
-53
Evaluate -9 + (-3 + -2 + 7 - (-277 - -232)).
38
Calculate -4608 + 4663 + (1 - 107).
-51
94 + (-37 - (-38 + 92))
3
Calculate -6 + (-69 - -61) + -1 + -35.
-50
What is -13 - (15 + -5 - (3 + 4 + 3))?
-13
What is the value of (82045 - 82026) + 35 + (1 - 1)?
54
0 + 15 + -1 - (-299 - (-122 - 155))
36
Calculate (-68 - -86 - (-9 + 6)) + 22.
43
Evaluate (0 - (-22 + (-9 - -18))) + 0 + -10 + 0.
3
Calculate (-35 - -28) + -13 + 1.
-19
What is the value of -26 + (-57 - (-93 - 21))?
31
6 + -64 + 17 + 11
-30
What is 52 - 8 - (-14 - -88)?
-30
What is (2 - -63) + 64 + (118 - 182)?
65
What is 15 - -4 - (-2 - -97)?
-76
Calculate -25 - (-28 + 44) - (1 + -18) - -5.
-19
What is -45 - (0 + 14 + (-16 - 8))?
-35
What is 29 - 4 - (-46 - (-166 - 24))?
-119
What is the value of -19 + (-3 - 13 - -49)?
14
What is the value of -5 - ((-3 - (-42 + -1 - (114 + -102))) + 3)?
-60
What is -14 + (34 - 3) + (32 - 12 - 12)?
25
Evaluate (-13 - ((10 - -1 - 4) + 29)) + -10.
-59
Evaluate -152 + 81 - (-31 + 5).
-45
Evaluate (-4 - -3) + 36 + 3269 + -3200.
104
-55 - (12 - (10 + (22 - -5)))
-30
What is (-40 - ((-11 - 1 - -9) + -4)) + 16?
-17
Calculate 5 + 0 + -8 + -83 + 6 + 9 + 6.
-65
What is the value of 9 + (44 - 18) + -35?
0
What is (-2 - (-17 + 3)) + (117 - 97 - (8 - -122))?
-98
4 - (12 - (7 + -24 + 28))
3
Evaluate 1 + -11 + 21 + (-63 - -35) - 5.
-22
Calculate (31 - (-38 + 25) - 25) + -2.
17
Calculate -52 - (-34 - (-45 + 14)).
-49
-8 + (-19 - (-83 - -10 - 28))
74
What is the value of -117 + (-84 - -226 - 79)?
-54
Calculate -7 + (1700 + -1628 - (-1 + 1 - -5)).
60
-89 + 127 - (4 + -5 + 1)
38
Evaluate -8 - (6 + (-15 + 5 + 5 - 2)) - 17.
-24
Evaluate 40 - -2 - (2252 - 2207).
-3
What is (3 - (26 - 4)) + (-278 - -270)?
-27
What is the value of -43 + 14 + 96 + -106?
-39
What is -221 - ((-131 - 103) + 133)?
-120
-1 + -88 - (2289 - 2355)
-23
What is the value of 2 + -29 + 3 - (5 + -3 - (-4 + 11))?
-19
What is the value of 120 + -134 - (-17 - (-3 + 7))?
7
Evaluate (10 - 6) + -12 + -8 + -10.
-26
11 + (46 - 35) + -42
-20
What is 65 - (-69 - -69 - -128)?
-63
What is 11 - (0 + 45 + -31 + -22)?
19
What is (35 - 56 - -18) + 0?
-3
148 - 137 - (-10 + 0) - 73
-52
-1299 + 1298 + (0 - ((1 - (-4 - -3)) + 56))
-59
What is the value of -1295 - -1277 - (-38 + 1)?
19
Evaluate -27 + -7 + (-6 - (11 + -10 - 10)) + 14.
-17
What is (0 - -1) + 3 + -2 + -37512 + 37567?
57
What is 48 + -168 + 108 - (-2 + 91)?
-101
-85 - (-98 - (-40 + -4))
-31
What is 94 + -18 + 37 + -108?
5
What is the value of 18 + (21 - 19) + -22 + (-5 - 67 - -5)?
-69
Calculate 58 - (87 + -87 + 101).
-43
Calculate 9 - 0 - (28 + 3 + (-69 - -31)).
16
Calculate (8 - (-10 - -19)) + -23 - 9.
-33
What is 2 + 8 + -10 - -4 - 4 - -24?
24
What is -35 + (-19 + 1 - (891 - 877))?
-67
Calculate 21 - (-1 + 5 - -8 - (-1 + 0 + 7)).
15
What is 2 + (-1 - (0 - -2)) + (-80 - -102) + -11?
10
Calculate 155 - ((100 - 85) + 55).
85
Evaluate 6 - (127 + -184 - 6).
69
Evaluate -4 - (26 - (-6 + (4 - -20))).
-12
Evaluate -7 - ((-6 - -26) + (16 - -16) - (-5 - 0)).
-64
What is the value of (-25 - (-66 + 18)) + 51 + -5?
69
Evaluate 12 - (-148 + 74) - 128.
-42
What is 266 - 72 - 83 - 18?
93
Evaluate -3 - -3 - (8 + (-4 - 4 - 5)).
5
Evaluate 7 + -1 - (74 + (2 - (-28 + 64))).
-34
Calculate -19 + 66 + -2 + -53.
-8
Evaluate -23 - (7 - (19 - (-12 - -58))).
-57
What is the value of (96 - 41) + (-31 - 118)?
-94
Calculate -8 - (-3 + 9) - (1 + 19 - (-284 - -243)).
-75
Evaluate -8 + -35 + 37 + 50.
44
What is the value of -6 + -23 + (-5 - (5 - -1))?
-40
Evaluate (-10 - (68 - (48 + -22))) + (-3 - -10).
-45
What is 0 - 0 - (-702 + 674)?
28
What is -4 + (-2 - 131 - (-16 - -12)) - (74 - 90)?
-117
69 - (-23 + -9 + 86)
15
What is the value of 5 + (10 - (11 - (-5 + 25 + 3 + -9)))?
18
What is the value of (58 - 63 - (-3 - 0 - (-2 - 0))) + 37?
33
-14 - (-4 - (-32 - -42))
0
(6 - 47) + 49 - 22
-14
What is the value of 39 + 21 + -42 - 62 - -23?
-21
(-131 - -144) + -44 + 1 - -83
53
What is 9 + 58 + -9 + 11 + -10 - (0 - 8)?
67
What is -8 + 5 + -18 - (-884 + 968)?
-105
Calculate (81 - (-1 - -29)) + -11 + (-4 - -3 - -2).
43
What is the value of 60 + (7 - -4) + 95 + -50 + -30?
86
28 - (-18 + 43 - 38) - 7
34
Evaluate 27 - (63 - (0 + 38)) - (0 - -4).
-2
Calculate 12 + (1 + 1 - 1) - (-871 + 879).
5
-129 + 56 + -30 + 5
-98
What is the value of 42 + 10 - ((126 - 101) + (-15 - 0))?
42
What is 2 + -1 + (0 - 17) - (-2 + (37 - 96))?
45
What is -1627 + 1619 + -1 + 1 + (-54 - (0 - -2))?
-64
Evaluate 605 + -626 - (1 + (-1 - -13)).
-34
(3914 - 3985) + (13 - (1 - 1))
-58
What is the value of (-1777 - -1798) + (-1 - -30)?
50
Calculate 0 - (-1 + 2 - 0) - -2 - (-22538 - -22531).
8
What is the value of (67 - 20) + -38 + 13 + -16?
6
Calculate (-70 - (-39 - 24)) + 35.
28
What is -7 + (48 - (-13 - -10))?
44
Evaluate (-4 - 22 - -11) + (3 + -9 - 52).
-73
What is the value of 4 + (-20 - -9) - -2 - (3 + -2 - -52)?
-58
What is -39 - (-8 + 4 + 2 - (-8 + 7 + 0))?
-38
(143 - 54) + -10 + -40
39
Calculate -15 + 1 + -9 + 0 + 24.
1
Calculate (220 - 210) + (-1 + 7 - (64 + -2)).
-46
Evaluate (342 - 338) + (1 - 1 - 26).
-22
10 + -75 + -10 + 34 + 9
-32
What is (-7 - -4 - -11 - (138 - 245) - -15) + -1?
129
Calculate (7 - (11 - (-7 + 18) - (3 - 1))) + -62.
-53
Calculate 11 - (17 + 19 - 17) - (-38 - -34).
-4
What is the value of 5 - -2 - ((50 - -49) + -74)?
-18
What is the value of 35 - ((11 - 15 - 14) + (0 - -12))?
41
-537 - -463 - (-58 - -5)
-21
Calculate -31 - 9 - (-450 + 467).
-57
Evaluate -6 + -63 - -56 - (11 - (2 + 2 + -2)).
-22
Calculate 46 + (38 - 20 - (68 - 4)).
0
What is the value of -157 + 133 + 12 + -70 + 1 + 6 + -4?
-79
What is (-20 - -5) + 8 + (3 - 1) + -29?
-34
What is the value of -62 - (-98 + 50 - -9)?
-23
Evaluate -14 + 25 + 48 + -90.
-31
Calculate ((-30 - -26) + 3 - (-1 + -7)) + 1 - 34.
-26
What is -3 + (-32 - -3) + (27 - (3 + 22))?
-30
(78 - (37 + -19)) + (-56 - -25)
29
6 - 2 - (-2166 - -2105)
65
Evaluate 8 + -25 + -6 + (4 - -15) - -8.
4
Calculate -144 - (-132 + 135 + -76).
-71
(52 - 8) + -49 + (19 - (-3 - -2))
15
What is the value of -2 + (20 - 2) + 75 + -82 + 5?
14
-791 + 569 - (-1 + -115)
-106
What is the value of (338 - 150) + -154 - (-58 - -2)?
90
Evaluate -17 + -1 + 0 + (178 - 188).
-28
What is the value of -55 + (37 - -2) - -8?
-8
Calculate -18 - -1 - ((14 - 10) + 3 + -5).
-19
What is the value of 14 + 94 + -55 - (51 + -19)?
21
-1 + (4 - -20) + -22 - (1 - 0 - 5)
5
Calculate (8 - -1) + 1 + 14 + -7 + 16.
33
What is 6847 - 6810 - (-1 - -23)?
15
What is the value of -6 - ((-3 - 3 - -16) + 51 + -4 - 11)?
-52
What is the value of 0 + (43 - 2) + (-139 + 110 - (1 - 38))?
49
Evaluate -137 - ((-11 - (21 - 28)) + -1 + -13).
-119
What is the value of 3 + 5 + 1 - (-528 + 593 - (21 + 1))?
-34
What is 21 + 2 + -1 - (78 - (82 - (82 + -70)))?
14
What is 6 + (1 - -3) + -23 - 18?
-31
What is 15 - 31 - (-10 + (-30 - 34))?
58
What is the value of -42 + -7 + 77 + (18 - 1)?
45
(168 - 127) + (-49 - 3)
-11
Calculate -4417 + 4429 - (4 - 7 - (0 - -5) - -4).
16
Calculate (1 - 7) + -103 + 109 + (-155 - -49).
-106
Calculate 97 + 7 - (-68 - -70) - 28.
74
What is -11 + (15 - 17) - -9?
-4
-58 - (35 - (7 + 0 - -3))
-83
What is 9 + (-114 - 1 - -3 - (61 + -57)) - 0?
-107
Evaluate 0 - -34 - (0 + (129 - 6)).
-89
-14 - (38 - (122 - 24))
46
Calculate -25 + -4 + 47 + 55.
73
15 - -20 - -3 - 52
-14
Calculate 17 - 11 - (1 + (-91 - -21)).
75
Evaluate -7192 - -7251 - (-1 - (3 - (17 + 3))).
43
What is (1 - -45) + (-1 - -4 - -4) + (870 - 873)?
50
Evaluate -21 - (25 + -48) - (1 - 4 - 8).
13
Calculate (118 - -2) + (13 - -6) + (23 - 8) + -39.
115
What is the value of -4 + (-2 - -4) - (22 + (10 - (4 + -4)))?
-34
Evaluate -57 + (-25 + (-2 - -15) - 11 - (-6 + 